{"version":"1.0","provider_name":"TAIPEI","provider_url":"https:\/\/taipeirevista.com","author_name":"Celeste Damiani","author_url":"https:\/\/taipeirevista.com\/index.php\/author\/santiago-damiani\/","title":"Acerca y por encima - TAIPEI","type":"rich","width":600,"height":338,"html":"<blockquote class=\"wp-embedded-content\" data-secret=\"3qXQmeA32N\"><a href=\"https:\/\/taipeirevista.com\/index.php\/2023\/04\/03\/acerca-y-por-encima\/\">Acerca y por encima<\/a><\/blockquote><iframe sandbox=\"allow-scripts\" security=\"restricted\" src=\"https:\/\/taipeirevista.com\/index.php\/2023\/04\/03\/acerca-y-por-encima\/embed\/#?secret=3qXQmeA32N\" width=\"600\" height=\"338\" title=\"&#8220;Acerca y por encima&#8221; &#8212; TAIPEI\" data-secret=\"3qXQmeA32N\" frameborder=\"0\" marginwidth=\"0\" marginheight=\"0\" scrolling=\"no\" class=\"wp-embedded-content\"><\/iframe><script>\n\/*! This file is auto-generated *\/\n!function(d,l){\"use strict\";l.querySelector&&d.addEventListener&&\"undefined\"!=typeof URL&&(d.wp=d.wp||{},d.wp.receiveEmbedMessage||(d.wp.receiveEmbedMessage=function(e){var t=e.data;if((t||t.secret||t.message||t.value)&&!\/[^a-zA-Z0-9]\/.test(t.secret)){for(var s,r,n,a=l.querySelectorAll('iframe[data-secret=\"'+t.secret+'\"]'),o=l.querySelectorAll('blockquote[data-secret=\"'+t.secret+'\"]'),c=new RegExp(\"^https?:$\",\"i\"),i=0;i<o.length;i++)o[i].style.display=\"none\";for(i=0;i<a.length;i++)s=a[i],e.source===s.contentWindow&&(s.removeAttribute(\"style\"),\"height\"===t.message?(1e3<(r=parseInt(t.value,10))?r=1e3:~~r<200&&(r=200),s.height=r):\"link\"===t.message&&(r=new URL(s.getAttribute(\"src\")),n=new URL(t.value),c.test(n.protocol))&&n.host===r.host&&l.activeElement===s&&(d.top.location.href=t.value))}},d.addEventListener(\"message\",d.wp.receiveEmbedMessage,!1),l.addEventListener(\"DOMContentLoaded\",function(){for(var e,t,s=l.querySelectorAll(\"iframe.wp-embedded-content\"),r=0;r<s.length;r++)(t=(e=s[r]).getAttribute(\"data-secret\"))||(t=Math.random().toString(36).substring(2,12),e.src+=\"#?secret=\"+t,e.setAttribute(\"data-secret\",t)),e.contentWindow.postMessage({message:\"ready\",secret:t},\"*\")},!1)))}(window,document);\n\/\/# sourceURL=https:\/\/taipeirevista.com\/wp-includes\/js\/wp-embed.min.js\n<\/script>\n","thumbnail_url":"https:\/\/taipeirevista.com\/wp-content\/uploads\/2023\/04\/sobre_las_nubes_marzo_2022-1080p.mp4_snapshot_02.09.23_2023.04.03_14.18.24.png","thumbnail_width":1438,"thumbnail_height":1080,"description":"Despu\u00e9s de ver \"Sobre las nubes\", la \u00faltima pel\u00edcula de Mar\u00eda Aparicio, me entr\u00f3 una duda con respecto a su t\u00edtulo. Hab\u00eda asumido que significaba \u201cpor encima de las nubes\u201d, pero despu\u00e9s le\u00ed el nombre elegido para el estreno internacional, \"About the Clouds\", o sea, \"Acerca de las nubes\".\u00a0Quiz\u00e1s lo m\u00e1s curioso es que ambos t\u00edtulos pueden ser igual de v\u00e1lidos y pertinentes para nombrar la pel\u00edcula y para pensar c\u00f3mo se acerca la directora a lo que quiere contar(...)"}

Después de ver "Sobre las nubes", la última película de María Aparicio, me entró una duda con respecto a su título. Había asumido que significaba “por encima de las nubes”, pero después leí el nombre elegido para el estreno internacional, "About the Clouds", o sea, "Acerca de las nubes". Quizás lo más curioso es que ambos títulos pueden ser igual de válidos y pertinentes para nombrar la película y para pensar cómo se acerca la directora a lo que quiere contar(...)
