{"version":"1.0","provider_name":"TAIPEI","provider_url":"https:\/\/taipeirevista.com","author_name":"\u00c1lvaro Bretal","author_url":"https:\/\/taipeirevista.com\/index.php\/author\/gdg85cx6lz\/","title":"Las zonas vac\u00edas - TAIPEI","type":"rich","width":600,"height":338,"html":"<blockquote class=\"wp-embedded-content\" data-secret=\"7OpmUJMvQt\"><a href=\"https:\/\/taipeirevista.com\/index.php\/2025\/03\/21\/las-zonas-vacias\/\">Las zonas vac\u00edas<\/a><\/blockquote><iframe sandbox=\"allow-scripts\" security=\"restricted\" src=\"https:\/\/taipeirevista.com\/index.php\/2025\/03\/21\/las-zonas-vacias\/embed\/#?secret=7OpmUJMvQt\" width=\"600\" height=\"338\" title=\"&#8220;Las zonas vac\u00edas&#8221; &#8212; TAIPEI\" data-secret=\"7OpmUJMvQt\" frameborder=\"0\" marginwidth=\"0\" marginheight=\"0\" scrolling=\"no\" class=\"wp-embedded-content\"><\/iframe><script>\n\/*! This file is auto-generated *\/\n!function(d,l){\"use strict\";l.querySelector&&d.addEventListener&&\"undefined\"!=typeof URL&&(d.wp=d.wp||{},d.wp.receiveEmbedMessage||(d.wp.receiveEmbedMessage=function(e){var t=e.data;if((t||t.secret||t.message||t.value)&&!\/[^a-zA-Z0-9]\/.test(t.secret)){for(var s,r,n,a=l.querySelectorAll('iframe[data-secret=\"'+t.secret+'\"]'),o=l.querySelectorAll('blockquote[data-secret=\"'+t.secret+'\"]'),c=new RegExp(\"^https?:$\",\"i\"),i=0;i<o.length;i++)o[i].style.display=\"none\";for(i=0;i<a.length;i++)s=a[i],e.source===s.contentWindow&&(s.removeAttribute(\"style\"),\"height\"===t.message?(1e3<(r=parseInt(t.value,10))?r=1e3:~~r<200&&(r=200),s.height=r):\"link\"===t.message&&(r=new URL(s.getAttribute(\"src\")),n=new URL(t.value),c.test(n.protocol))&&n.host===r.host&&l.activeElement===s&&(d.top.location.href=t.value))}},d.addEventListener(\"message\",d.wp.receiveEmbedMessage,!1),l.addEventListener(\"DOMContentLoaded\",function(){for(var e,t,s=l.querySelectorAll(\"iframe.wp-embedded-content\"),r=0;r<s.length;r++)(t=(e=s[r]).getAttribute(\"data-secret\"))||(t=Math.random().toString(36).substring(2,12),e.src+=\"#?secret=\"+t,e.setAttribute(\"data-secret\",t)),e.contentWindow.postMessage({message:\"ready\",secret:t},\"*\")},!1)))}(window,document);\n\/\/# sourceURL=https:\/\/taipeirevista.com\/wp-includes\/js\/wp-embed.min.js\n<\/script>\n","thumbnail_url":"https:\/\/taipeirevista.com\/wp-content\/uploads\/2025\/03\/El.Exilio.de_.Gardel.Tangos.1985.1080p.WEB-DL.AAC2_.0.x264-DODEN.mkv_snapshot_01.25.07_2025.03.21_10.44.32-1024x576.png","thumbnail_width":1024,"thumbnail_height":576,"description":"Tengo la fuerte sensaci\u00f3n de que algo falta, de que esta memoria parcial, quebrada, esconde pel\u00edculas que tal vez digan tanto sobre la \u00e9poca como las que efectivamente recordamos. Y no pienso solo en \u201cla \u00e9poca\u201d en un sentido social, cultural o pol\u00edtico; tambi\u00e9n en la construcci\u00f3n de una est\u00e9tica del per\u00edodo, en b\u00fasquedas narrativas, en formas de pensar el presente y el pasado, en riesgos subterr\u00e1neos o sensibilidades a contrapelo(...)"}

Álvaro Bretal

Las zonas vacías - TAIPEI

<blockquote class="wp-embedded-content" data-secret="7OpmUJMvQt"><a href="https://taipeirevista.com/index.php/2025/03/21/las-zonas-vacias/">Las zonas vacías</a></blockquote><iframe sandbox="allow-scripts" security="restricted" src="https://taipeirevista.com/index.php/2025/03/21/las-zonas-vacias/embed/#?secret=7OpmUJMvQt" width="600" height="338" title="&#8220;Las zonas vacías&#8221; &#8212; TAIPEI" data-secret="7OpmUJMvQt" frameborder="0" marginwidth="0" marginheight="0" scrolling="no" class="wp-embedded-content"></iframe><script>
/*! This file is auto-generated */
!function(d,l){"use strict";l.querySelector&&d.addEventListener&&"undefined"!=typeof URL&&(d.wp=d.wp||{},d.wp.receiveEmbedMessage||(d.wp.receiveEmbedMessage=function(e){var t=e.data;if((t||t.secret||t.message||t.value)&&!/[^a-zA-Z0-9]/.test(t.secret)){for(var s,r,n,a=l.querySelectorAll('iframe[data-secret="'+t.secret+'"]'),o=l.querySelectorAll('blockquote[data-secret="'+t.secret+'"]'),c=new RegExp("^https?:$","i"),i=0;i<o.length;i++)o[i].style.display="none";for(i=0;i<a.length;i++)s=a[i],e.source===s.contentWindow&&(s.removeAttribute("style"),"height"===t.message?(1e3<(r=parseInt(t.value,10))?r=1e3:~~r<200&&(r=200),s.height=r):"link"===t.message&&(r=new URL(s.getAttribute("src")),n=new URL(t.value),c.test(n.protocol))&&n.host===r.host&&l.activeElement===s&&(d.top.location.href=t.value))}},d.addEventListener("message",d.wp.receiveEmbedMessage,!1),l.addEventListener("DOMContentLoaded",function(){for(var e,t,s=l.querySelectorAll("iframe.wp-embedded-content"),r=0;r<s.length;r++)(t=(e=s[r]).getAttribute("data-secret"))||(t=Math.random().toString(36).substring(2,12),e.src+="#?secret="+t,e.setAttribute("data-secret",t)),e.contentWindow.postMessage({message:"ready",secret:t},"*")},!1)))}(window,document);
//# sourceURL=https://taipeirevista.com/wp-includes/js/wp-embed.min.js
</script>

Tengo la fuerte sensación de que algo falta, de que esta memoria parcial, quebrada, esconde películas que tal vez digan tanto sobre la época como las que efectivamente recordamos. Y no pienso solo en “la época” en un sentido social, cultural o político; también en la construcción de una estética del período, en búsquedas narrativas, en formas de pensar el presente y el pasado, en riesgos subterráneos o sensibilidades a contrapelo(...)
